s 23 a factor of 2680455?
False
Does 55 divide 900570?
True
Is 150549 a multiple of 321?
True
Does 186 divide 134865?
False
Does 155 divide 1144129?
False
Does 46 divide 362434?
True
Does 139 divide 935990?
False
Is 8 a factor of 66932?
False
Does 249 divide 1848020?
False
Does 547 divide 1811695?
False
Is 1117795 a multiple of 33?
False
Is 11 a factor of 33198?
True
Is 49608 a multiple of 12?
True
Is 4106550 a multiple of 10?
True
Is 11252 a multiple of 97?
True
Is 28 a factor of 117096?
True
Is 164692 a multiple of 674?
False
Does 54 divide 3494620?
False
Is 117 a factor of 21375?
False
Does 13 divide 366395?
False
Does 7 divide 1017254?
True
Does 4 divide 64726?
False
Does 13 divide 1981265?
True
Is 183676 a multiple of 38?
False
Is 975 a factor of 5496189?
False
Is 729292 a multiple of 22?
False
Does 6 divide 242064?
True
Does 47 divide 210889?
True
Is 6 a factor of 495212?
False
Does 2 divide 42650?
True
Is 617960 a multiple of 35?
True
Is 130335 a multiple of 5?
True
Is 507 a factor of 207244?
False
Is 133 a factor of 5891094?
False
Is 1130496 a multiple of 24?
True
Does 20 divide 923660?
True
Does 910 divide 786740?
False
Does 234 divide 567034?
False
Does 39 divide 445010?
False
Is 415 a factor of 2230210?
True
Is 259 a factor of 1049986?
True
Is 1460368 a multiple of 221?
True
Does 13 divide 311441?
True
Does 11 divide 4067878?
False
Does 200 divide 3840598?
False
Does 21 divide 336785?
False
Does 12 divide 771461?
False
Is 26 a factor of 217334?
True
Does 203 divide 2234386?
False
Does 22 divide 157432?
True
Is 126855 a multiple of 117?
False
Is 2380586 a multiple of 31?
False
Is 220014 a multiple of 102?
True
Is 131937 a multiple of 69?
False
Is 59 a factor of 3703918?
False
Does 19 divide 94088?
True
Does 23 divide 259785?
True
Is 17 a factor of 9954979?
True
Does 6 divide 828048?
True
Does 16 divide 87116?
False
Is 240 a factor of 398840?
False
Is 224 a factor of 62496?
True
Is 77 a factor of 1255716?
True
Does 26 divide 1263158?
True
Does 103 divide 1017851?
False
Is 2124 a factor of 22374216?
True
Does 36 divide 84600?
True
Is 574 a factor of 621068?
True
Is 1560734 a multiple of 259?
True
Is 40 a factor of 54198?
False
Is 2244048 a multiple of 71?
False
Is 341 a factor of 406131?
True
Is 595120 a multiple of 13?
False
Is 265683 a multiple of 291?
True
Is 314 a multiple of 8?
False
Does 674 divide 1920900?
True
Is 34 a factor of 694266?
False
Is 80 a factor of 826800?
True
Does 22 divide 9972402?
True
Does 11 divide 59323?
True
Is 2 a factor of 25955?
False
Is 1327603 a multiple of 259?
False
Does 9 divide 190251?
True
Is 116 a factor of 80261?
False
Does 228 divide 419520?
True
Does 148 divide 978477?
False
Is 833269 a multiple of 65?
False
Does 2 divide 4505?
False
Is 220416 a multiple of 84?
True
Is 9660 a multiple of 10?
True
Does 53 divide 221141?
False
Is 488187 a multiple of 147?
True
Is 349911 a multiple of 53?
False
Is 11 a factor of 4772174?
True
Is 233 a factor of 1112814?
False
Is 17 a factor of 6024791?
False
Does 47 divide 115616?
False
Is 65892 a multiple of 7?
False
Does 337 divide 7155758?
False
Is 596 a factor of 1017968?
True
Is 187250 a multiple of 35?
True
Is 51612 a multiple of 46?
True
Is 202104 a multiple of 56?
True
Is 100545 even?
False
Is 871764 a multiple of 98?
False
Is 92 a factor of 558716?
True
Is 298 a factor of 30694?
True
Is 25651 a multiple of 42?
False
Is 40992 a multiple of 8?
True
Is 11713757 a multiple of 42?
False
Does 1054 divide 17541722?
True
Is 12 a factor of 277524?
True
Is 148 a factor of 1155140?
True
Does 698 divide 76610?
False
Is 2592756 a multiple of 54?
True
Is 3 a factor of 106779?
True
Is 15 a factor of 12602880?
True
Does 15 divide 57315?
True
Is 477 a factor of 197336?
False
Does 23 divide 2737?
True
Is 85918 a multiple of 238?
True
Does 3 divide 1223929?
False
Does 14 divide 3822?
True
Does 1689 divide 5101745?
False
Does 2042 divide 12467810?
False
Is 2718892 a multiple of 152?
False
Is 29436 a multiple of 44?
True
Is 19 a factor of 632724?
False
Does 52 divide 715630?
False
Is 206 a factor of 8862484?
False
Is 41 a factor of 43126?
False
Does 24 divide 17998?
False
Is 18 a factor of 20664?
True
Is 406728 a multiple of 24?
True
Is 266198 a multiple of 20?
False
Does 142 divide 355994?
True
Is 1984455 a multiple of 11?
True
Is 97 a factor of 2481888?
False
Does 25 divide 190250?
True
Is 939173 a multiple of 263?
True
Is 45591 a multiple of 10?
False
Is 4094530 a multiple of 22?
True
Does 9 divide 3537481?
False
Is 1299011 a multiple of 116?
False
Is 8281227 a multiple of 17?
True
Is 5088906 a multiple of 222?
True
Does 117 divide 5680467?
True
Does 201 divide 303819?
False
Is 660 a factor of 6275056?
False
Is 227418 a multiple of 34?
False
Is 238640 a multiple of 190?
True
Is 21 a factor of 530126?
False
Does 16 divide 3524808?
False
Does 190 divide 369360?
True
Is 162624 a multiple of 121?
True
Does 140 divide 79782?
False
Is 88 a factor of 2312112?
True
Is 7 a factor of 1912029?
True
Is 2 a factor of 10477?
False
Does 11 divide 19107?
True
Does 766 divide 17172651?
False
Does 108 divide 6703376?
False
Is 871071 even?
False
Is 102396 a multiple of 9?
False
Is 250665 a multiple of 6?
False
Is 40 a factor of 26440?
True
Does 145 divide 873178?
False
Does 18 divide 800435?
False
Is 615032 a multiple of 482?
True
Is 1577 a factor of 8988900?
True
Does 360 divide 4416120?
True
Is 5 a factor of 11734?
False
Is 326886 a multiple of 108?
False
Does 31 divide 231353?
True
Does 43 divide 442083?
True
Does 32 divide 72640?
True
Is 4 a factor of 4144866?
False
Is 10 a factor of 222114?
False
Does 15 divide 53646?
False
Is 146056 a multiple of 149?
False
Is 200849 a multiple of 37?
False
Is 440543 a multiple of 90?
False
Is 198288 a multiple of 51?
True
Does 39 divide 2410200?
True
Is 275747 a multiple of 34?
False
Is 18 a factor of 633439?
False
Is 8 a factor of 223112?
True
Is 270 a factor of 95916?
False
Is 74919 a multiple of 2?
False
Is 634629 a multiple of 35?
False
Is 216688 a multiple of 34?
False
Is 163 a factor of 361371?
True
Is 117143 a multiple of 72?
False
Is 2396884 a multiple of 1621?
False
Is 1034236 a multiple of 66?
False
Is 1002843 a multiple of 195?
False
Does 70 divide 1471820?
True
Is 24717 a multiple of 7?
True
Is 8459768 a multiple of 2385?
False
Is 95 a factor of 14232045?
True
Is 470 a factor of 120790?
True
Does 42 divide 291700?
False
Is 346500 a multiple of 33?
True
Does 39 divide 2162199?
True
Is 42739 a multiple of 9?
False
Does 110 divide 127430?
False
Is 367198 a multiple of 26?
True
Does 181 divide 875135?
True
Is 307832 a multiple of 81?
False
Is 16717671 a multiple of 27?
True
Is 847 a factor of 4679491?
False
Is 40092 a multiple of 9?
False
Is 364221 a multiple of 11?
True
Is 1489986 a multiple of 183?
True
Does 30 divide 50883?
False
Is 7 a factor of 14344564?
False
Does 149 divide 3879513?
True
Is 189 a factor of 1564487?
False
Is 11342192 a multiple of 16?
True
Is 2845485 a multiple of 185?
True
Is 9500904 a multiple of 70?
False
Is 15437180 a multiple of 2111?
False
Is 1309 a factor of 2685602?
False
Does 301 divide 163547?
False
Is 205785 a multiple of 51?
True
Is 189208 a multiple of 67?
True
Does 9 divide 5330196?
True
Is 1246 even?
True
Is 563548 a multiple of 89?
True
Is 151060 a multiple of 65?
True
Does 138 divide 15626430?
True
Is 6728819 a multiple of 9?
False
Is 3946821 a multiple of 39?
False
Does 6 divide 76948?
False
Is 260 a factor of 294358?
False
Does 724 divide 93396?
True
Is 73450 a multiple of 57?
False
Is 93535 a multiple of 722?
False
Is 11 a factor of 3351679?
False
Does 11 divide 51898?
True
Is 10 a factor of 1144530?
True
Is 3949692 a multiple of 282?
True
Is 20188 a multiple of 14?
True
Is 18025 a multiple of 392?
False
Does 77 divide 18957?
False
Does 69 divide 313053?
True
Does 5 divide 6463?
False
Is 332684 a multiple of 11?
True
Is 17040 a multiple of 2?
True
Does 20 divide 980199?
False
Is 13453 a multiple of 9?
False
Does 132 divide 183084?
True
Is 5736916 a multiple of 271?
False
Is 27 a factor of 64530?
True
Does 151 divide 4755141?
True
Is 21 a factor of 318313?
False
Does 526 divide 8169832?
True
Is 11 a factor of 2729166?
True
Is 2497850 a multiple of 25?
True
Is 25428 a multiple of 13?
True
Does 204 d